
What is the value of 12 + (-4 - -5) - -5?
18
Calculate 0 - (1 + 4) - ((-13 - 25) + 32).
1
151 + -135 - ((0 - 2) + 10)
8
What is the value of (6 - -29) + -28 - (1 + 28)?
-22
What is the value of 3 - (-14 - -10) - (-5 - (4 + -12))?
4
What is (-6 - (-13 + (10 - 10) + 4)) + 0?
3
What is 5 + (29 - (1 + -5 + (-8 - -16)))?
30
Evaluate 1 + (-1 - -8) - (76 - 80).
12
What is 5 + -15 - (38 + -54)?
6
What is the value of -2 - (10 - (-10 + 7 + 10))?
-5
Evaluate -7 + (3 - 1) + 81 + -87.
-11
What is -3 + 5 + (2 - 4) - 5?
-5
What is -18 + 16 + 20 + -40?
-22
Evaluate (611 - 622) + (-10 - 2).
-23
What is the value of (-6 - 5) + 8 + 2 + 4?
3
-18 + (-10 + 23 - -8)
3
(-1 + 7 - 10) + (-8 - (0 - 5))
-7
What is the value of (-2 - (1 + -3)) + (1 - (15 - -2))?
-16
What is the value of -2 + -4 - (-7 + 8 + 3 + -27)?
17
What is -17 + 11 + 2 + 2 + 3?
1
Calculate (-1 + 16 - (-66 + 77)) + 5 + -1.
8
What is -1 + 8 - (34 + (25 - 32))?
-20
Evaluate 2 + (1 - 11) + (9 - 18 - -4).
-13
-1 + -1 - ((-8 - -3) + -6) - -5
14
What is ((-1 - (-11 + 3)) + -11 - -6) + -12?
-10
Calculate 1 + -1 - (-55 - -47).
8
(-919 - -917) + (1 - -30)
29
What is the value of 8 + (-20 - (8 + -28))?
8
What is the value of 1 + (-6 - 4 - -12)?
3
Calculate -4 + 1 + -13 + 22.
6
-5 - ((-10 - -9) + 2 - -5)
-11
Evaluate 7 + -3 + -11 + 43 + -4.
32
What is the value of (-1 - 21) + (-7 - -27 - (-33 - -45))?
-14
What is (-37 - -3 - -15) + (-1 - -6)?
-14
What is 0 + (9 + -9 - 8 - -7)?
-1
What is the value of -2 + 6 + -1 + 1 + 4?
8
Evaluate (-12 - (6 - -22) - -5) + 11.
-24
Calculate -7 + (13 - (11 - 8) - (2 + 0)).
1
Evaluate 11405 + -11388 + 0 + (1 - 1).
17
What is (15 - 10) + (11 - 7) + -15?
-6
What is the value of -9 - ((-6 - -3) + 0)?
-6
Calculate -17 + 22 + 9 + 1 + 0 + -4.
11
What is (3 - (-2 - 3)) + (10 - 6)?
12
What is -1 + 0 + 3 - (-21 + 35 + -15)?
3
Calculate (43 - 28) + (-33 - -3).
-15
-23 - (14 + -25 + -8)
-4
What is the value of -26 - -18 - (6 + 4 + -1 + 2)?
-19
-19 + -8 + 4 + -3
-26
What is the value of 24 - 26 - (-4 + -8)?
10
What is the value of 72 + (-170 - -84) - (1 - -9)?
-24
Evaluate (-2 - (-8 - (5 - 6))) + -13.
-8
5 + (22 + -26 - (-5 + 3 + 0))
3
-26 + (-26 + 32 - -42)
22
Evaluate -138 - -137 - (-2 - -4).
-3
(3 - (10 - 4)) + 18 - 9
6
-23 + (3 - 4) + 11
-13
What is the value of 7 + -12 + (0 - -5) + -5?
-5
Calculate 35 + -22 + 0 - (-1 - -40).
-26
8 + -9 + (-8 - -29) + -14 + 25
31
Evaluate (14 - 16) + -1 + -13 + 7.
-9
Evaluate (-1 - -2) + -1 + 2 + (-90 - -83).
-5
Evaluate -102 + 95 - (1 + -2 + 0).
-6
8 + 12 + -33 - -29
16
Evaluate 9 - (8 - 0) - (-1 + 2) - -3.
3
Calculate 10 - (8 + -6 + -2) - (-2 + 0).
12
What is -30 - (25 + -56 + -17)?
18
Calculate 7 + -6 + -3 + -2 + 21 - 4.
13
Evaluate (-11 - (-6 - (-3 - 5))) + 5.
-8
What is the value of 14 - (0 + 5 - (-17 + 24))?
16
Evaluate -5 + -5 + (-7 - -4) + 3.
-10
What is -2 + -2 + (-1 - -8) + -10 + 4?
-3
Calculate 9 - (5 - (-13 - -21)).
12
What is -21 - (-36 + (27 - 3))?
-9
Calculate -6 + -1 + 9 + (-4 - -5) + 1.
4
What is (14 + 26 - 34) + -12?
-6
What is 0 + 8 - (-12 + 15 + 9 + -13)?
9
Calculate 4 + (0 - 1) - (15 + (3 - 29)).
14
Evaluate 1 + -2 + 27 + -38 + 18.
6
(-47 - 7) + 69 + (0 + -1 - -5)
19
What is the value of 0 + 2 + (-68 - -73)?
7
Calculate 30 + 25 + -38 + -19.
-2
Evaluate -16 + 1 - (7 + -1 + -1 + -12).
-8
4 + (-2 - (-10 - (-3 + -10)))
-1
(0 - (5 - -26) - 0) + 7 + 2
-22
-14 + -1 + 14 - -12
11
Calculate (0 - (11 + 0) - -23) + -23.
-11
(62 - (-24 - -62)) + -33
-9
What is -1 + (6 - (11 - 1) - 1) - -7?
1
Calculate (7 - (-5 - -16)) + 11 - -6.
13
What is the value of -17 + (2 + -1 - 7) + (-124 - -126)?
-21
Calculate (-13 + 19 - -16) + -13 + -12.
-3
Evaluate -222 + 209 - (-5 + -1).
-7
What is the value of -8 + -4 + 8 + (-2 - (4 - 9))?
-1
Evaluate (-6 - 5) + 18 - (20 + 0).
-13
What is the value of 8 + 0 + (18 - (6 - -16)) + -19?
-15
What is the value of -8 + 5 + (-3 - 15)?
-21
What is 817 + -806 - (-1 + 18)?
-6
What is (20 - (29 - 4)) + (-1 + 1 - -30)?
25
Calculate -8 + (-3 - (-15 + -5 + 22)).
-13
What is the value of 2 - (57 + -73 + 6 + 1)?
11
-35 + -20 + 36 + 7
-12
What is 6 + 9 + (3 - 12)?
6
Evaluate -3 + 7 + -18 + 6 + 17.
9
Evaluate 10 - (-10 + 4) - ((-10 - 13) + 12).
27
What is the value of 3 + (4 - (-5 - (-5 - 3))) + 0?
4
-22 - ((-84 - -13) + 23)
26
-21 + 10 + -10 + 35
14
What is 96 + -17 - 43 - 25?
11
Calculate (6 - -33) + -93 + 37.
-17
Evaluate -8 + -10 + 16 + 1.
-1
Evaluate -31 + 46 - (11 - 2).
6
What is the value of (15 - 20 - 1 - 5) + -6?
-17
Evaluate 1 - 11 - (19 - 23 - 19).
13
What is the value of (-5 - (-28 - -17)) + 15?
21
(5 - (7 + 7 + -4)) + 3 - 0
-2
What is the value of 1 - 4 - (-32 - -23)?
6
(19 - -2) + -5 - (0 - 2 - 1)
19
1 + -7 - ((25 - (4 + 6)) + -13)
-8
What is -7 + 20 + -18 + 5 + 2?
2
Calculate 9 + 9 + -8 + -3 + -9.
-2
What is 10 - (-10 + 6 + 0 + -2 - -5)?
11
0 + (-17 + 9 - -6) - (2 - -5)
-9
-5 + 8 + (-10 - -10 - 0)
3
Evaluate 459 + -468 + 2 + -6 + 35.
22
Calculate 6 + (43 - 15) + -8 + 4.
30
What is -1124 - -1138 - (0 + 11)?
3
What is the value of -16 - (24 + -5 + -35)?
0
What is the value of (1 - -5) + -13 - -4?
-3
Evaluate (0 - -11) + (-10 - (0 + 0) - -12).
13
Calculate 2 + 3 - -17 - 20.
2
Evaluate (24 + -14 - 21) + 10 - (-1 + 23).
-23
Evaluate (-12 - (-16 - (-24 + 14))) + -24.
-30
(2 - -21) + (-24 - -19) + 16 + 2
36
-1 + (9 - (13 - 10))
5
(75 + -73 - (-1 + -7)) + 7
17
What is -10 + 25 + (-11 - -7) + 6 + 0?
17
What is -4 + 6 + (69 - 81)?
-10
Evaluate -63 - -40 - (-3 - -1) - -11.
-10
What is 10 + -6 + (-9 + 5 - (2 + -10))?
8
-11 - (-1 - -2) - (18 + -14)
-16
Evaluate 1 + (-7 - -30) + (15 - (7 + 19)).
13
Evaluate 12 + -22 + -6 + 4.
-12
What is the value of -1 + -11 + 7 + -11 + -21?
-37
Calculate -6 + (-1 + 0 - (-188 - -178)).
3
Calculate (-6 - (-4 + -7 - (-3 + -2))) + -5.
-5
27 + -18 - ((-6 - -12) + (36 - -1))
-34
(-24 - 10 - -1) + 5
-28
5 + 15 + 8 + -33
-5
What is 17 + 3 - (40 - 35)?
15
Calculate 18 + -16 + -1 + -12.
-11
(0 - -1 - 40) + -845 + 849 - -9
-26
Evaluate -25 + 4 - (2 + 1) - (-64 - -60).
-20
Calculate 11 - (-8 + -29) - 29.
19
Evaluate 31 + (-59 - -16) + 28.
16
-41 - -1 - (-1914 - -1881)
-7
What is the value of (-3 - (-9 - -20) - -7) + 7?
0
(5 - (-1 + 5)) + -6 + -5 + -1
-11
Calculate 6 + -14 + 15 - (-4 - (3 - 4)).
10
Calculate 2 - (4 - (-10 + 14)).
2
What is 0 - 4 - (3 + -5 + -2)?
0
What is the value of -5 + (-1 - 0) + -609 + 616?
1
What is 14 + (1 + -4 - (-7 + -1 - -12))?
7
Evaluate -6 + -2 - (36 + -32).
-12
Calculate -1 + 2 + -4 + (3 - 41 - -57).
16
Evaluate -14 + -11 - (30 + -30).
-25
What is the value of (42 - (-29 - -59)) + -9 + 0 + -1?
2
Calculate (13 - (14 - 11)) + -19.
-9
What is -34 - ((-25 - -11) + -8 + 10)?
-22
What is the value of 9 + 0 + 0 + -7 - -14?
16
Evaluate (-7 - -2) + -8 + 16 - -12.
15
What is -2 + -1 + -13 + (3 - -3 - 4)?
-14
Calculate 176 + -160 + -13 + 0.
3
What is 2 - (1 - -3 - (13 + -9))?
2
What is the value of (-4 - (-14 - -8) - 2) + 19?
19
What is the value of 2 - 6 - (-22 + 9 + 12)?
-3
Calculate (22 - (11 - 2 - 6)) + 2 + -11.
10
Evaluate -14 + (2 - (4 - 7)) - -3.
-6
Evaluate 198 + -157 - (-4 - -14).
31
0 + 1 + (-208 - -200)
-7
Calculate 0 + -8 + 13 + -4 + -20.
-19
What is (-28 - 11) + 9 - -37?
7
What is the value of 2 + (-19 + 6 - -2) + (-2 - 5)?
-16
(30 - (0 - 0)) + (951 - 952) + -5
24
Evaluate -11 + 3 + 1 + 13 + -4.
2
Evaluate 3 - (7 + 8 - -4).
-16
Evaluate -2 - 2 - (92 + -68).
-28
(138 - 138 - (-2 + 1 + 0)) + -8
-7
Calculate -1 + 2 - (7 - -3 - (0 + 9)).
0
Evaluate -20 + 16 + ((-8 - -4) + 17 - 5).
4
What is the value of (-7 + -8 + 13 - 0 - 10) + -5?
-17
Evaluate (-7 - -12 - (3 - -1)) + 6.
7
Evaluate -2 + (-17 - -47) + -5 + (-1 - 3).
19
Calculate 7 + -34 + 15 + -6.
-18
Calculate (0 - (-1 + 3 + 1)) + (1 - -2).
0
Evaluate 1 + 1 - (1 + -9 + (1 - -4)).
5
11 + -1 + -275 + 261
-4
What is (69 - 37) + 8 + -11?
29
What is (13 - (0 + 0 - 3)) + -1?
15
What is the value of 1 + -27 - (-446 + 428)?
-8
Calculate (27 - 15) + -11 + -3 - (-22 - 2).
22
Evaluate -8 - (-2 + 0 + (5 - 16)).
5
Evaluate -2 - ((-33 - -43) + (-10 - 1)).
-1
Calculate 20 + (-6 - -6) - (10 - -2).
8
What is 14 + 2 + (11 - 5) + 2 + -5?
19
What is 0 + 2 + (-4 - (3 + 1 - 13))?
7
Calculate 19 - -1 - (290 + -248).
-22
What is -20 + (18 - -9) + 5 - 15?
-3
12 + -3 - -10 - 14 - (0 + 1)
4
What is -11 + (-11 - -5) + (6 - -28)?
17
What is 6 + (-18 - -26)